{"id":2561,"date":"2025-01-29T09:41:50","date_gmt":"2025-01-29T08:41:50","guid":{"rendered":"https:\/\/archivioocarm.com\/?page_id=2561"},"modified":"2025-10-28T11:44:56","modified_gmt":"2025-10-28T10:44:56","slug":"assegno-di-ricerca-alla-memoria-di-p-emanuele-boaga-nona-edizione-2025","status":"publish","type":"page","link":"https:\/\/archivioocarm.com\/en\/assegno-di-ricerca-alla-memoria-di-p-emanuele-boaga-nona-edizione-2025\/","title":{"rendered":"Assegno di Ricerca alla memoria di p. Emanuele Boaga \u2013 Nona edizione\u00a0(2025)"},"content":{"rendered":"<h1 class=\"wp-block-heading has-text-align-center\"><mark style=\"background-color:rgba(0, 0, 0, 0)\" class=\"has-inline-color has-vivid-red-color\">Bando di selezione per il conferimento di n. 1 Assegno di Ricerca<\/mark><\/h1>\n\n\n\n<p class=\"has-text-align-center wp-block-paragraph\"><strong><u>Decorrenza 1 febbraio 2025 \u2013 Scadenza 31 luglio 2025<\/u><\/strong><\/p>\n\n\n\n<div class=\"wp-block-cover aligncenter\"><img data-recalc-dims=\"1\" loading=\"lazy\" decoding=\"async\" width=\"720\" height=\"1107\" data-attachment-id=\"2566\" data-permalink=\"https:\/\/archivioocarm.com\/en\/assegno-di-ricerca-alla-memoria-di-p-emanuele-boaga-nona-edizione-2025\/image00004\/\" data-orig-file=\"https:\/\/i0.wp.com\/archivioocarm.com\/wp-content\/uploads\/2025\/01\/image00004.jpg?fit=2270%2C3491&amp;ssl=1\" data-orig-size=\"2270,3491\" data-comments-opened=\"1\" data-image-meta=\"{&quot;aperture&quot;:&quot;0&quot;,&quot;credit&quot;:&quot;Picasa&quot;,&quot;camera&quot;:&quot;3&quot;,&quot;caption&quot;:&quot;256&quot;,&quot;created_timestamp&quot;:&quot;79870665600&quot;,&quot;copyright&quot;:&quot;&quot;,&quot;focal_length&quot;:&quot;0&quot;,&quot;iso&quot;:&quot;0&quot;,&quot;shutter_speed&quot;:&quot;0&quot;,&quot;title&quot;:&quot;256&quot;,&quot;orientation&quot;:&quot;0&quot;}\" data-image-title=\"Documenti\" data-image-description=\"&lt;p&gt;Documenti&lt;\/p&gt;\" data-image-caption=\"\" data-large-file=\"https:\/\/i0.wp.com\/archivioocarm.com\/wp-content\/uploads\/2025\/01\/image00004.jpg?fit=666%2C1024&amp;ssl=1\" class=\"wp-block-cover__image-background wp-image-2566\" alt=\"\" src=\"https:\/\/i0.wp.com\/archivioocarm.com\/wp-content\/uploads\/2025\/01\/image00004.jpg?resize=720%2C1107&#038;ssl=1\" data-object-fit=\"cover\" \/><span aria-hidden=\"true\" class=\"wp-block-cover__background has-background-dim\"><\/span><div class=\"wp-block-cover__inner-container is-layout-flow wp-block-cover-is-layout-flow\">\n<p class=\"has-text-align-center has-large-font-size wp-block-paragraph\"><\/p>\n<\/div><\/div>\n\n\n\n<p class=\"wp-block-paragraph\"><\/p>\n\n\n\n<p class=\"has-text-align-justify wp-block-paragraph\">L\u2019Archivio Generale dell\u2019Ordine Carmelitano (d\u2019ora in poi AGOC) indice una selezione per&nbsp;<strong>titoli<\/strong>&nbsp;e&nbsp;<strong>progetto<\/strong>&nbsp;per il conferimento di&nbsp;<strong>n. 1 assegno di ricerca<\/strong>, intitolato alla memoria dell\u2019archivista p. Emanuele Boaga, OCarm, per lo svolgimento di ricerche&nbsp;<strong>storiche, storico-religiose, filologiche o archivistiche<\/strong>&nbsp;relative all\u2019Ordine Carmelitano. Le ricerche dovranno essere condotte utilizzando il patrimonio dell\u2019AGOC e avranno come obiettivo la produzione di un elaborato scientifico (articolo, monografia, edizione di fonti, inventariazione ecc.). La Commissione scientifica si riserver\u00e0 di valutare la pubblicazione di tale elaborato nelle riviste o collane scientifiche dell\u2019Ordine Carmelitano.<\/p>\n\n\n\n<p class=\"wp-block-paragraph\">Importo dell\u2019assegno:&nbsp;<strong>5500 euro lordi<\/strong><\/p>\n\n\n\n<p class=\"has-text-align-justify wp-block-paragraph\">Regime di prestazione autonoma e assenza di vincoli di subordinazione: il vincitore non sar\u00e0 inserito nell\u2019organigramma dell\u2019Archivio n\u00e9 nelle sue attivit\u00e0 e potr\u00e0 liberamente organizzare la propria ricerca, anche da casa. Tasse ed eventuali contributi previdenziali saranno determinati sulla base del regime fiscale e previdenziale del vincitore (p.iva o gestione separata): per tale ragione il vincitore prescelto dovr\u00e0 comunicare la propria situazione fiscale all\u2019amministrazione dell\u2019Archivio al momento dell\u2019accettazione dell\u2019assegno.<\/p>\n\n\n\n<p class=\"wp-block-paragraph\"><em>Assegno&nbsp;compatibile&nbsp;con altre borse o redditi da lavoro.<\/em><\/p>\n\n\n\n<p class=\"has-text-align-justify wp-block-paragraph\"><strong>Durata:<\/strong>&nbsp;9 mesi (1 novembre 2025 \u2013 31 luglio 2026), durante i quali l\u2019assegnista sar\u00e0 libero di organizzare in autonomia tempi e modi della ricerca.<\/p>\n\n\n\n<p class=\"wp-block-paragraph\"><\/p>\n\n\n\n<div class=\"wp-block-file\"><a id=\"wp-block-file--media-2b0884d3-92f4-464d-b053-4e460f922eed\" href=\"https:\/\/archivioocarm.com\/wp-content\/uploads\/2025\/01\/0.bando-assegno-e.-boaga-2025-ita.pdf\" target=\"_blank\" rel=\"noreferrer noopener\"><strong><mark style=\"background-color:rgba(0, 0, 0, 0)\" class=\"has-inline-color has-vivid-red-color\">0.BANDO ASSEGNO E. BOAGA 2025 &#8211; ITA<\/mark><\/strong><\/a><\/div>\n\n\n\n<div class=\"wp-block-file\"><a id=\"wp-block-file--media-f2068e20-2550-4c5a-94e1-ee3f8c7093c7\" href=\"https:\/\/archivioocarm.com\/wp-content\/uploads\/2025\/01\/1.bando-assegno-e.-boaga-2025-eng-1.pdf\" target=\"_blank\" rel=\"noreferrer noopener\"><strong><mark style=\"background-color:rgba(0, 0, 0, 0)\" class=\"has-inline-color has-vivid-red-color\">1.BANDO ASSEGNO E. BOAGA 2025 &#8211; ENG<\/mark><\/strong><\/a><\/div>\n\n\n\n<div class=\"wp-block-file\"><a id=\"wp-block-file--media-9761197a-90a4-492f-afab-d9a5cedf25e1\" href=\"https:\/\/archivioocarm.com\/wp-content\/uploads\/2025\/01\/2.bando-assegno-e.-boaga-2025-esp-2.pdf\" target=\"_blank\" rel=\"noreferrer noopener\"><strong><mark style=\"background-color:rgba(0, 0, 0, 0)\" class=\"has-inline-color has-vivid-red-color\">2.BANDO ASSEGNO E. BOAGA 2025 &#8211; ESP<\/mark><\/strong><\/a><\/div>\n\n\n\n<div class=\"wp-block-file\"><a id=\"wp-block-file--media-77378483-296f-47ca-bd75-15d51c603a79\" href=\"https:\/\/archivioocarm.com\/wp-content\/uploads\/2025\/01\/3.allegato-1_domanda-di-ammissione-bando-boaga-2025-2.pdf\" target=\"_blank\" rel=\"noreferrer noopener\"><strong><mark style=\"background-color:rgba(0, 0, 0, 0)\" class=\"has-inline-color has-vivid-red-color\">3.allegato 1_DOMANDA DI AMMISSIONE BANDO BOAGA 2025<\/mark><\/strong><\/a><\/div>\n\n\n\n<p class=\"wp-block-paragraph\"><\/p>\n\n\n\n<p class=\"has-text-align-justify wp-block-paragraph\">Siamo lieti di annunciare che la IX Edizione dell\u2019Assegno di ricerca intitolato alla memoria di p. Emanuele Boaga, indetto dall\u2019Archivio generale dell\u2019Ordine Carmelitano, \u00e8 stata vinta dal dottor&nbsp;<strong>Filippo Catanese<\/strong>, con il progetto di edizione critica intitolato:&nbsp;<em>Le visite della Congregazione Mantovana dell\u2019Ordine Carmelitano tra la fine del XVI e la met\u00e0 del XVII secolo<\/em>.<\/p>\n\n\n\n<p class=\"has-text-align-justify wp-block-paragraph\">Questo lavoro di ricerca dar\u00e0 ulteriore luce a una delle pi\u00f9 importanti riforme dell\u2019Ordine carmelitano, permettendo di mappare i singoli conventi e frati che vi appartenevano e di conoscerne nel dettaglio l\u2019organizzazione amministrativa, patrimoniale ed economica.<\/p>\n\n\n\n<p class=\"wp-block-paragraph\">Auguriamo un buon lavoro a Filippo.<\/p>\n\n\n\n<div class=\"wp-block-file\"><a id=\"wp-block-file--media-a52c0ee3-5155-45b1-a087-f39f6d2bc510\" href=\"https:\/\/archivioocarm.com\/wp-content\/uploads\/2025\/10\/bando-boaga-2025_verbale-vincitore-2.pdf\" target=\"_blank\" rel=\"noreferrer noopener\"><strong><mark style=\"background-color:rgba(0, 0, 0, 0);color:#0c07e3\" class=\"has-inline-color\">Bando Boaga 2025_Verbale Vincitore<\/mark><\/strong><\/a><\/div>\n\n\n\n<p class=\"wp-block-paragraph\"><\/p>","protected":false},"excerpt":{"rendered":"<p>Bando di selezione per il conferimento di n. 1 Assegno di Ricerca Decorrenza 1 febbraio 2025 \u2013 Scadenza 31 luglio 2025 L\u2019Archivio Generale dell\u2019Ordine Carmelitano (d\u2019ora in poi AGOC) indice una selezione per&nbsp;titoli&nbsp;e&nbsp;progetto&nbsp;per il conferimento di&nbsp;n. 1 assegno di ricerca, intitolato alla memoria dell\u2019archivista p. Emanuele Boaga, OCarm, per lo svolgimento di ricerche&nbsp;storiche, storico-religiose, filologiche [&hellip;]<\/p>\n","protected":false},"author":117379667,"featured_media":0,"parent":0,"menu_order":0,"comment_status":"closed","ping_status":"closed","template":"","meta":{"_coblocks_attr":"","_coblocks_dimensions":"","_coblocks_responsive_height":"","_coblocks_accordion_ie_support":"","_crdt_document":"","advanced_seo_description":"","jetpack_seo_html_title":"","jetpack_seo_noindex":false,"footnotes":""},"tags":[765454384,762661873,102564768,18403],"class_list":{"0":"post-2561","1":"page","2":"type-page","3":"status-publish","5":"tag-assegno-di-ricerca-archivio","6":"tag-biblioteca-carmelitana","7":"tag-documenti-antichi","8":"tag-newsletter","9":"entry"},"jetpack_likes_enabled":true,"jetpack_sharing_enabled":true,"jetpack_shortlink":"https:\/\/wp.me\/P8qkcQ-Fj","_links":{"self":[{"href":"https:\/\/archivioocarm.com\/en\/wp-json\/wp\/v2\/pages\/2561","targetHints":{"allow":["GET"]}}],"collection":[{"href":"https:\/\/archivioocarm.com\/en\/wp-json\/wp\/v2\/pages"}],"about":[{"href":"https:\/\/archivioocarm.com\/en\/wp-json\/wp\/v2\/types\/page"}],"author":[{"embeddable":true,"href":"https:\/\/archivioocarm.com\/en\/wp-json\/wp\/v2\/users\/117379667"}],"replies":[{"embeddable":true,"href":"https:\/\/archivioocarm.com\/en\/wp-json\/wp\/v2\/comments?post=2561"}],"version-history":[{"count":16,"href":"https:\/\/archivioocarm.com\/en\/wp-json\/wp\/v2\/pages\/2561\/revisions"}],"predecessor-version":[{"id":2855,"href":"https:\/\/archivioocarm.com\/en\/wp-json\/wp\/v2\/pages\/2561\/revisions\/2855"}],"wp:attachment":[{"href":"https:\/\/archivioocarm.com\/en\/wp-json\/wp\/v2\/media?parent=2561"}],"wp:term":[{"taxonomy":"post_tag","embeddable":true,"href":"https:\/\/archivioocarm.com\/en\/wp-json\/wp\/v2\/tags?post=2561"}],"curies":[{"name":"wp","href":"https:\/\/api.w.org\/{rel}","templated":true}]}}

<h1 class="wp-block-heading has-text-align-center"><mark style="background-color:rgba(0, 0, 0, 0)" class="has-inline-color has-vivid-red-color">Bando di selezione per il conferimento di n. 1 Assegno di Ricerca</mark></h1>



<p class="has-text-align-center wp-block-paragraph"><strong><u>Decorrenza 1 febbraio 2025 – Scadenza 31 luglio 2025</u></strong></p>



<div class="wp-block-cover aligncenter"><img data-recalc-dims="1" loading="lazy" decoding="async" width="720" height="1107" data-attachment-id="2566" data-permalink="https://archivioocarm.com/en/assegno-di-ricerca-alla-memoria-di-p-emanuele-boaga-nona-edizione-2025/image00004/" data-orig-file="https://i0.wp.com/archivioocarm.com/wp-content/uploads/2025/01/image00004.jpg?fit=2270%2C3491&amp;ssl=1" data-orig-size="2270,3491" data-comments-opened="1" data-image-meta="{&quot;aperture&quot;:&quot;0&quot;,&quot;credit&quot;:&quot;Picasa&quot;,&quot;camera&quot;:&quot;3&quot;,&quot;caption&quot;:&quot;256&quot;,&quot;created_timestamp&quot;:&quot;79870665600&quot;,&quot;copyright&quot;:&quot;&quot;,&quot;focal_length&quot;:&quot;0&quot;,&quot;iso&quot;:&quot;0&quot;,&quot;shutter_speed&quot;:&quot;0&quot;,&quot;title&quot;:&quot;256&quot;,&quot;orientation&quot;:&quot;0&quot;}" data-image-title="Documenti" data-image-description="&lt;p&gt;Documenti&lt;/p&gt;" data-image-caption="" data-large-file="https://i0.wp.com/archivioocarm.com/wp-content/uploads/2025/01/image00004.jpg?fit=666%2C1024&amp;ssl=1" class="wp-block-cover__image-background wp-image-2566" alt="" src="https://i0.wp.com/archivioocarm.com/wp-content/uploads/2025/01/image00004.jpg?resize=720%2C1107&#038;ssl=1" data-object-fit="cover" /><span aria-hidden="true" class="wp-block-cover__background has-background-dim"></span><div class="wp-block-cover__inner-container is-layout-flow wp-block-cover-is-layout-flow">
<p class="has-text-align-center has-large-font-size wp-block-paragraph"></p>
</div></div>



<p class="wp-block-paragraph"></p>



<p class="has-text-align-justify wp-block-paragraph">L’Archivio Generale dell’Ordine Carmelitano (d’ora in poi AGOC) indice una selezione per&nbsp;<strong>titoli</strong>&nbsp;e&nbsp;<strong>progetto</strong>&nbsp;per il conferimento di&nbsp;<strong>n. 1 assegno di ricerca</strong>, intitolato alla memoria dell’archivista p. Emanuele Boaga, OCarm, per lo svolgimento di ricerche&nbsp;<strong>storiche, storico-religiose, filologiche o archivistiche</strong>&nbsp;relative all’Ordine Carmelitano. Le ricerche dovranno essere condotte utilizzando il patrimonio dell’AGOC e avranno come obiettivo la produzione di un elaborato scientifico (articolo, monografia, edizione di fonti, inventariazione ecc.). La Commissione scientifica si riserverà di valutare la pubblicazione di tale elaborato nelle riviste o collane scientifiche dell’Ordine Carmelitano.</p>



<p class="wp-block-paragraph">Importo dell’assegno:&nbsp;<strong>5500 euro lordi</strong></p>



<p class="has-text-align-justify wp-block-paragraph">Regime di prestazione autonoma e assenza di vincoli di subordinazione: il vincitore non sarà inserito nell’organigramma dell’Archivio né nelle sue attività e potrà liberamente organizzare la propria ricerca, anche da casa. Tasse ed eventuali contributi previdenziali saranno determinati sulla base del regime fiscale e previdenziale del vincitore (p.iva o gestione separata): per tale ragione il vincitore prescelto dovrà comunicare la propria situazione fiscale all’amministrazione dell’Archivio al momento dell’accettazione dell’assegno.</p>



<p class="wp-block-paragraph"><em>Assegno&nbsp;compatibile&nbsp;con altre borse o redditi da lavoro.</em></p>



<p class="has-text-align-justify wp-block-paragraph"><strong>Durata:</strong>&nbsp;9 mesi (1 novembre 2025 – 31 luglio 2026), durante i quali l’assegnista sarà libero di organizzare in autonomia tempi e modi della ricerca.</p>



<p class="wp-block-paragraph"></p>



<div class="wp-block-file"><a id="wp-block-file--media-2b0884d3-92f4-464d-b053-4e460f922eed" href="https://archivioocarm.com/wp-content/uploads/2025/01/0.bando-assegno-e.-boaga-2025-ita.pdf" target="_blank" rel="noreferrer noopener"><strong><mark style="background-color:rgba(0, 0, 0, 0)" class="has-inline-color has-vivid-red-color">0.BANDO ASSEGNO E. BOAGA 2025 &#8211; ITA</mark></strong></a></div>



<div class="wp-block-file"><a id="wp-block-file--media-f2068e20-2550-4c5a-94e1-ee3f8c7093c7" href="https://archivioocarm.com/wp-content/uploads/2025/01/1.bando-assegno-e.-boaga-2025-eng-1.pdf" target="_blank" rel="noreferrer noopener"><strong><mark style="background-color:rgba(0, 0, 0, 0)" class="has-inline-color has-vivid-red-color">1.BANDO ASSEGNO E. BOAGA 2025 &#8211; ENG</mark></strong></a></div>



<div class="wp-block-file"><a id="wp-block-file--media-9761197a-90a4-492f-afab-d9a5cedf25e1" href="https://archivioocarm.com/wp-content/uploads/2025/01/2.bando-assegno-e.-boaga-2025-esp-2.pdf" target="_blank" rel="noreferrer noopener"><strong><mark style="background-color:rgba(0, 0, 0, 0)" class="has-inline-color has-vivid-red-color">2.BANDO ASSEGNO E. BOAGA 2025 &#8211; ESP</mark></strong></a></div>



<div class="wp-block-file"><a id="wp-block-file--media-77378483-296f-47ca-bd75-15d51c603a79" href="https://archivioocarm.com/wp-content/uploads/2025/01/3.allegato-1_domanda-di-ammissione-bando-boaga-2025-2.pdf" target="_blank" rel="noreferrer noopener"><strong><mark style="background-color:rgba(0, 0, 0, 0)" class="has-inline-color has-vivid-red-color">3.allegato 1_DOMANDA DI AMMISSIONE BANDO BOAGA 2025</mark></strong></a></div>



<p class="wp-block-paragraph"></p>



<p class="has-text-align-justify wp-block-paragraph">Siamo lieti di annunciare che la IX Edizione dell’Assegno di ricerca intitolato alla memoria di p. Emanuele Boaga, indetto dall’Archivio generale dell’Ordine Carmelitano, è stata vinta dal dottor&nbsp;<strong>Filippo Catanese</strong>, con il progetto di edizione critica intitolato:&nbsp;<em>Le visite della Congregazione Mantovana dell’Ordine Carmelitano tra la fine del XVI e la metà del XVII secolo</em>.</p>



<p class="has-text-align-justify wp-block-paragraph">Questo lavoro di ricerca darà ulteriore luce a una delle più importanti riforme dell’Ordine carmelitano, permettendo di mappare i singoli conventi e frati che vi appartenevano e di conoscerne nel dettaglio l’organizzazione amministrativa, patrimoniale ed economica.</p>



<p class="wp-block-paragraph">Auguriamo un buon lavoro a Filippo.</p>



<div class="wp-block-file"><a id="wp-block-file--media-a52c0ee3-5155-45b1-a087-f39f6d2bc510" href="https://archivioocarm.com/wp-content/uploads/2025/10/bando-boaga-2025_verbale-vincitore-2.pdf" target="_blank" rel="noreferrer noopener"><strong><mark style="background-color:rgba(0, 0, 0, 0);color:#0c07e3" class="has-inline-color">Bando Boaga 2025_Verbale Vincitore</mark></strong></a></div>



<p class="wp-block-paragraph"></p>
